**3 + 5*v**2 + 2*v - 3. Calculate o(5).
7
Let s(c) = -c**2 - 17*c + 2. Calculate s(-15).
32
Let y(s) = s**2 + 21*s + 87. Determine y(-15).
-3
Let d(q) = 4*q + 8. What is d(-9)?
-28
Let r(k) = -k**2 + 5*k + 12. Determine r(6).
6
Let r(b) = b**3 - 12*b**2. Determine r(12).
0
Let r(z) = -z**2 - 2*z + 17. Determine r(3).
2
Let t(c) = -c**2 + 57*c + 383. Determine t(63).
5
Let u(z) = z**2 + 10*z - 5. What is u(-12)?
19
Let d(a) = 2*a**2 - 37*a + 1. Calculate d(19).
20
Let q(f) = f - 43. What is q(22)?
-21
Let m(g) = g**2 - 9*g - 9. Give m(10).
1
Let h(s) = 18*s - 128. Give h(7).
-2
Let y(m) = 25*m - 2. Determine y(-1).
-27
Let y(r) = r**2 + 9*r + 4. Determine y(-6).
-14
Let v(n) = n**2 + 41*n + 120. Calculate v(-39).
42
Let w(m) = 24*m**2 + 1. What is w(-1)?
25
Let q(f) = -f**3 + 5*f**2 + 22*f - 105. Give q(4).
-1
Let f(i) = i**3 - 8*i**2 + 8*i + 1. Calculate f(7).
8
Let r(v) = -v**3 - 8*v**2 - 7*v - 10. Determine r(-7).
-10
Let f(h) = 4*h**2 - 6*h - 2. Calculate f(-2).
26
Let v(s) = -s**3 + 12*s**2 + 11*s + 13. Determine v(13).
-13
Let p(c) = c**3 + 5*c**2 - 2*c - 12. What is p(-5)?
-2
Let y(n) = 18*n - 76. What is y(6)?
32
Let u(s) = -2*s**2 - 12*s + 18. Determine u(-8).
-14
Let j(h) = -2*h**2 - 44*h - 32. Determine j(-14).
192
Let t(b) = b - 27. Determine t(-8).
-35
Let f(x) = -13*x**2 - 21*x - 1. Give f(-2).
-11
Let g(x) = -54*x**2 + x + 1. Determine g(-1).
-54
Let h(k) = k**2 - 7*k - 23. What is h(10)?
7
Let k(s) = 3*s**2 - 4*s + 7. Give k(2).
11
Let k(x) = x - 4. What is k(-2)?
-6
Let q(t) = 22*t - 2. Give q(-1).
-24
Let h(b) = b**2 - 14*b + 6. Determine h(12).
-18
Let c(q) = -q**2 - 13*q - 31. Determine c(-5).
9
Let h(i) = -i**3 - 6*i**2 + 11*i + 22. Calculate h(-7).
-6
Let j(l) = -3*l**2 + 29*l + 15. Determine j(11).
-29
Let n(f) = 4*f - 47. What is n(23)?
45
Let g(m) = 4*m - 9. Give g(6).
15
Let l(r) = r**3 - 7*r**2 + 11*r + 5. What is l(5)?
10
Let x(j) = 15*j + 21. Give x(1).
36
Let u(p) = 15*p - 7. What is u(4)?
53
Let k(h) = h**3 + 5*h**2 - 6. Calculate k(0).
-6
Let q(d) = -d**3 - 19*d**2 + 18*d + 6. Determine q(-20).
46
Let z(r) = -4*r**2 - 16*r + 11. Calculate z(-5).
-9
Let p(u) = u + 28. What is p(-5)?
23
Let v(z) = 8*z**2 - z - 1. Give v(-2).
33
Let g(h) = 16*h + 138. What is g(-12)?
-54
Let b(x) = -2*x - 41. Determine b(-11).
-19
Let j(p) = -p**2 - 12*p + 50. Calculate j(-15).
5
Let p(x) = x**2 + 14*x - 173. Determine p(-22).
3
Let f(r) = r - 9. Calculate f(5).
-4
Let w(u) = 36*u + 14. What is w(-1)?
-22
Let w(a) = -a**3 - 11*a**2 - 21*a - 29. What is w(-9)?
-2
Let z(s) = -s**2 - 18*s - 15. Determine z(-17).
2
Let r(o) = o**2 - o + 6. What is r(-4)?
26
Let m(l) = -l**3 - 4*l**2 - 5*l - 34. Give m(-5).
16
Let g(m) = -m**3 + 26*m**2 - 25*m + 60. Calculate g(25).
60
Let u(s) = s**2 - 9*s + 14. Determine u(7).
0
Let s(j) = 6*j - 64. Calculate s(7).
-22
Let j(w) = -3*w**2 - 2. Give j(-1).
-5
Let k(f) = 32*f - 120. Determine k(4).
8
Let c(f) = -f**3 - 2*f**2 + f - 2. Give c(-2).
-4
Let k(j) = -j**3 + 6*j**2 + 16*j - 49. Give k(7).
14
Let m(j) = -23*j**3 + j**2. Give m(-1).
24
Let k(v) = -v**2 - 10*v + 13. Calculate k(-12).
-11
Let u(i) = 2*i - 10. Determine u(-5).
-20
Let x(z) = 2*z**3 - 27*z**2 + 13*z - 2. What is x(13)?
-2
Let i(m) = -3*m**2 - 45*m + 49. What is i(-16)?
1
Let s(q) = -q - 5. Give s(-8).
3
Let t(j) = -3*j + 7. What is t(-6)?
25
Let j(h) = 26*h - 1. What is j(-1)?
-27
Let o(w) = -w**3 - 6*w**2 - 37*w - 108. Determine o(-4).
8
Let q(p) = 10*p**2 + 18*p - 4. Give q(-4).
84
Let k(t) = t**3 + 18*t**2 + 3*t + 19. What is k(-18)?
-35
Let b(f) = 2*f**3 + 35*f**2 - 20*f - 45. Calculate b(-18).
-9
Let y(c) = -c**3 - 6*c**2 + 10*c + 3. Determine y(-7).
-18
Let f(w) = w**3 + 4*w**2 - 6. Calculate f(-3).
3
Let j(q) = q**2 + q - 54. Calculate j(-7).
-12
Let h(l) = -l**2 - 10*l + 98. Give h(-16).
2
Let i(m) = m**3 - 33*m**2 - 33*m - 47. Give i(34).
-13
Let j(o) = 16*o + 145. What is j(-9)?
1
Let w(p) = -p**2 + 3*p - 4. What is w(6)?
-22
Let c(p) = -6*p + 3. Calculate c(2).
-9
Let z(h) = -h**3 - 10*h**2 - 20*h + 6. What is z(-7)?
-1
Let v(r) = -r**3 - 11*r**2 - r + 5. What is v(-11)?
16
Let j(m) = -m + 6. Calculate j(3).
3
Let g(i) = i**3 - 4*i**2 - i + 9. Determine g(4).
5
Let d(l) = -l**3 + 12*l**2 + 2*l - 15. Give d(12).
9
Let m(a) = 12*a + 3. What is m(0)?
3
Let w(o) = 3*o - 18. Give w(6).
0
Let h(r) = -r**2 - 9*r - 21. Give h(-4).
-1
Let n(m) = 12*m - 125. Calculate n(12).
19
Let b(m) = m**3 - 7*m**2 - 18*m - 9. Give b(9).
-9
Let o(h) = -12*h - 112. Determine o(-13).
44
Let x(k) = -46*k**2 + 3*k - 2. Determine x(1).
-45
Let s(d) = -d + 2. Determine s(3).
-1
Let d(n) = -n**3 - 14*n**2 - 14*n - 8. Give d(-11).
-217
Let v(k) = k**3 + 2*k**2 - k - 4. What is v(3)?
38
Let g(z) = -z**3 - 5*z**2 + 1. What is g(-5)?
1
Let q(a) = -30*a - 331. Determine q(-11).
-1
Let f(h) = h**3 + 2*h - 5. Determine f(2).
7
Let d(n) = -n**3 + 33*n**2 - 32*n - 5. Determine d(32).
-5
Let n(j) = -j**3 + 11*j**2 + 12*j - 13. What is n(12)?
-13
Let z(f) = -f**2 + 7*f - 4. Determine z(6).
2
Let v(c) = -c - 27. What is v(-13)?
-14
Let t(f) = -f**3 + 8*f**2 - 9*f - 3. Determine t(4).
25
Let j(f) = 2*f**2 - 13*f + 20. Give j(8).
44
Let w(q) = 4*q**2 - 2. Give w(2).
14
Let b(z) = 2*z**3 - 3*z**2 - 13*z + 19. Calculate b(2).
-3
Let t(c) = -2*c**3 - 17*c**2 - 19*c + 9. What is t(-7)?
-5
Let d(h) = -4*h**2 + 42*h + 25. Calculate d(11).
3
Let o(g) = -g**3 - 10*g**2 - 10*g - 14. Give o(-9).
-5
Let s(f) = -f**3 - 11*f**2 + 44*f + 14. Give s(-14).
-14
Let j(k) = k**3 - 2*k + 2. Determine j(3).
23
Let a(s) = s**3 + 6*s**2 + 7*s + 5. Calculate a(-5).
-5
Let n(c) = c**3 - 8*c**2 + 13*c + 11. Determine n(5).
1
Let b(n) = -11*n - 3. What is b(-2)?
19
Let f(n) = -n**3 - 4*n**2 - 2*n - 2. Calculate f(-2).
-6
Let q(f) = 4*f + 54. What is q(-14)?
-2
Let k(j) = -j**3 - j**2 - j - 22. Determine k(0).
-22
Let p(w) = -w**3 + 8*w**2 - 12*w + 12. Give p(5).
27
Let c(q) = 12*q - 56. What is c(11)?
76
Let x(i) = i**2 + 13*i + 4. What is x(-15)?
34
Let u(h) = h**3 + 12*h**2 + 17. Give u(-12).
17
Let r(h) = 8*h + 7. Calculate r(-1).
-1
Let c(m) = -m**2 - 3*m - 5. Give c(-2).
-3
Let j(a) = a**3 - 3*a**2 - 8*a + 1. What is j(5)?
11
Let u(v) = 5*v + 64. Determine u(-21).
-41
Let b(q) = -12*q + 322. Calculate b(26).
10
Let u(j) = j - 12. Calculate u(4).
-8
Let f(n) = n**3 + 8*n**2 + 8*n + 9. Give f(-7).
2
Let n(u) = -u**3 - 15*u**2 + 18*u + 34. What is n(-16)?
2
Let g(p) = p**3 - 2*p + 2. Calculate g(1).
1
Let j(f) = f + 2. What is j(4)?
6
Let j(z) = 2*z - 3. Determine j(-3).
-9
Let z(a) = 2*a + 52. Determine z(-20).
12
Let f(t) = -t**3 - 14*t**2 + 70*t - 8. Determine f(-18).
28
Let i(j) = -j**3 + 11*j**2 - 13*j + 9. Determine i(10).
-21
Let c(g) = -17*g - 3. What is c(-4)?
65
Let b(z) = -z**3 + 10*z**2 - 22*z - 5. Give b(6).
7
Let w(q) = -q**3 + 17*q**2 + 8*q - 142. Determine w(17).
-6
Let j(q) = -q**3 + 7*q**2 + 2*q - 10. What is j(8)?
-58
Let i(q) = 13*q - 4. Calculate i(2).
22
Let t(f) = f**2 + 2*f + 1. What is t(-6)?
25
Let s(l) = l**2 + 37*l + 32. What is s(-35)?
-38
Let j(m) = -7*m**2 - 5*m + 9. What is j(3)?
-69
Let m(j) = 63*j + 22. Determine m(1).
85
Let r(u) = 8*u**2 - 5*u + 3. Give r(1).
6
Let w(y) = y**3 - 4*y**2 - 2*y + 4. What is w(3)?
-11
Let y(g) = g**2 - 19*g + 78. Calculate y(14).
8
Let a(p) = -7*p**3 + 2*p**2 + 3*p + 2. What is a(-1)?
8
Let c(z) = z**2 - 9*z - 6. What is c(13)?
46
Let x(q) = q**3 - 5*q**2 + 2*q + 3. What is x(4)?
-5
Let t(h) = h - 12. Determine t(15).
3
Let v(w) = -w - 13. Give v(3).
-16
Let s(w) = w**2 + 14*w + 15. Calculate s(-13).
2
Let g(y) = -10*y**2 + y - 1. Give g(-1).
-12
Let f(t) = 9*t**2 + 40*t + 3. Give f(-5).
28
Let c(s) = -15*s**3 - 2*s**2 - 7*s - 5. Calculate c(-2).
121
Let p(n) = -2*n - 6. Determine p(8).
-22
Let c(l) = l**2 + 15*l - 14. Give c(-14).
-28
Let s(y) = 3*y**2 + 11*y + 34. Give s(-4).
38
Let r(z) = -z**3 + 5*z**2 - z - 3. Calculate r(5).
-8
Let s(q) = q**3 + 17*q**2 + 17*q + 10. Calculate s(-16).
-6
Let i(l) = -l**3 + 3*l**2 - l + 2. Give i(3).
-1
Let f(k) = -k**2 + 10*k - 25. Calculate f(7).
-4
Let c(j) = -22*j + 6. Determine c(2).
-38
Let a(d) = -5*d - 13. Determine a(-4).
7
Let a(p) = 3*p - 4. Give a(0).
-4
Let o(y) = 27*y - 190. What is o(7)?
-1
Let b(s) = 5*s - 87. What is b(16)?
-7
Let k(p) = p**3 - 49*p**2 - 52*p + 94. Wh